{"id":984,"date":"2020-11-23T12:30:53","date_gmt":"2020-11-23T17:30:53","guid":{"rendered":"https:\/\/changingclimate.ca\/site\/assets\/uploads\/sites\/4\/2020\/11\/PR_FR_11_v1.png"},"modified":"2020-11-27T14:25:42","modified_gmt":"2020-11-27T19:25:42","slug":"pr_fr_11_v1-2","status":"inherit","type":"attachment","link":"https:\/\/changingclimate.ca\/regional-perspectives\/pr_fr_11_v1-2\/","title":{"rendered":"Figure 4.11-FR"},"author":13,"featured_media":0,"comment_status":"open","ping_status":"closed","template":"","meta":{"_acf_changed":false,"_monsterinsights_skip_tracking":false,"_monsterinsights_sitenote_active":false,"_monsterinsights_sitenote_note":"","_monsterinsights_sitenote_category":0},"class_list":["post-984","attachment","type-attachment","status-inherit","hentry"],"acf":[],"smush":"Not processed","description":{"rendered":"<p class=\"attachment\"><a href='https:\/\/changingclimate.ca\/site\/assets\/uploads\/sites\/4\/2020\/11\/PR_FR_11_v1.png'><img loading=\"lazy\" decoding=\"async\" width=\"300\" height=\"240\" src=\"https:\/\/changingclimate.ca\/site\/assets\/uploads\/sites\/4\/2020\/11\/PR_FR_11_v1-300x240.png\" class=\"attachment-medium size-medium\" alt=\"\" srcset=\"https:\/\/changingclimate.ca\/site\/assets\/uploads\/sites\/4\/2020\/11\/PR_FR_11_v1-300x240.png 300w, https:\/\/changingclimate.ca\/site\/assets\/uploads\/sites\/4\/2020\/11\/PR_FR_11_v1-1024x820.png 1024w, https:\/\/changingclimate.ca\/site\/assets\/uploads\/sites\/4\/2020\/11\/PR_FR_11_v1-768x615.png 768w, https:\/\/changingclimate.ca\/site\/assets\/uploads\/sites\/4\/2020\/11\/PR_FR_11_v1.png 1280w\" sizes=\"auto, (max-width: 300px) 100vw, 300px\" \/><\/a><\/p>\n<p>Consid\u00e9rations relative au renforcement de la r\u00e9silience climatique dans la ville de Calgary. Cette figure a \u00e9t\u00e9 utilis\u00e9e pour am\u00e9liorer les connaissances d\u2019intervenants multiples au sujet de l\u2019enjeu des changements climatiques.<\/p>\n"},"caption":{"rendered":"<p>Consid\u00e9rations relative au renforcement de la r\u00e9silience climatique dans la ville de Calgary. Cette figure a \u00e9t\u00e9 utilis\u00e9e pour am\u00e9liorer les connaissances d\u2019intervenants multiples au sujet de l\u2019enjeu des changements climatiques.<\/p>\n"},"alt_text":"","media_type":"image","mime_type":"image\/png","media_details":{"width":1280,"height":1025,"file":"2020\/11\/PR_FR_11_v1.png","sizes":{"medium":{"file":"PR_FR_11_v1-300x240.png","width":300,"height":240,"mime_type":"image\/png","source_url":"https:\/\/changingclimate.ca\/site\/assets\/uploads\/sites\/4\/2020\/11\/PR_FR_11_v1-300x240.png"},"large":{"file":"PR_FR_11_v1-1024x820.png","width":1024,"height":820,"mime_type":"image\/png","source_url":"https:\/\/changingclimate.ca\/site\/assets\/uploads\/sites\/4\/2020\/11\/PR_FR_11_v1-1024x820.png"},"thumbnail":{"file":"PR_FR_11_v1-150x150.png","width":150,"height":150,"mime_type":"image\/png","source_url":"https:\/\/changingclimate.ca\/site\/assets\/uploads\/sites\/4\/2020\/11\/PR_FR_11_v1-150x150.png"},"medium_large":{"file":"PR_FR_11_v1-768x615.png","width":768,"height":615,"mime_type":"image\/png","source_url":"https:\/\/changingclimate.ca\/site\/assets\/uploads\/sites\/4\/2020\/11\/PR_FR_11_v1-768x615.png"},"full":{"file":"PR_FR_11_v1.png","width":1280,"height":1025,"mime_type":"image\/png","source_url":"https:\/\/changingclimate.ca\/site\/assets\/uploads\/sites\/4\/2020\/11\/PR_FR_11_v1.png"}},"image_meta":{"aperture":"0","credit":"","camera":"","caption":"","created_timestamp":"0","copyright":"","focal_length":"0","iso":"0","shutter_speed":"0","title":"","orientation":"0","keywords":[]}},"post":null,"source_url":"https:\/\/changingclimate.ca\/site\/assets\/uploads\/sites\/4\/2020\/11\/PR_FR_11_v1.png","_links":{"self":[{"href":"https:\/\/changingclimate.ca\/regional-perspectives\/wp-json\/wp\/v2\/media\/984","targetHints":{"allow":["GET"]}}],"collection":[{"href":"https:\/\/changingclimate.ca\/regional-perspectives\/wp-json\/wp\/v2\/media"}],"about":[{"href":"https:\/\/changingclimate.ca\/regional-perspectives\/wp-json\/wp\/v2\/types\/attachment"}],"author":[{"embeddable":true,"href":"https:\/\/changingclimate.ca\/regional-perspectives\/wp-json\/wp\/v2\/users\/13"}],"replies":[{"embeddable":true,"href":"https:\/\/changingclimate.ca\/regional-perspectives\/wp-json\/wp\/v2\/comments?post=984"}]}}

<p class="attachment"><a href='https://changingclimate.ca/site/assets/uploads/sites/4/2020/11/PR_FR_11_v1.png'><img loading="lazy" decoding="async" width="300" height="240" src="https://changingclimate.ca/site/assets/uploads/sites/4/2020/11/PR_FR_11_v1-300x240.png" class="attachment-medium size-medium" alt="" srcset="https://changingclimate.ca/site/assets/uploads/sites/4/2020/11/PR_FR_11_v1-300x240.png 300w, https://changingclimate.ca/site/assets/uploads/sites/4/2020/11/PR_FR_11_v1-1024x820.png 1024w, https://changingclimate.ca/site/assets/uploads/sites/4/2020/11/PR_FR_11_v1-768x615.png 768w, https://changingclimate.ca/site/assets/uploads/sites/4/2020/11/PR_FR_11_v1.png 1280w" sizes="auto, (max-width: 300px) 100vw, 300px" /></a></p>
<p>Considérations relative au renforcement de la résilience climatique dans la ville de Calgary. Cette figure a été utilisée pour améliorer les connaissances d’intervenants multiples au sujet de l’enjeu des changements climatiques.</p>

<p>Considérations relative au renforcement de la résilience climatique dans la ville de Calgary. Cette figure a été utilisée pour améliorer les connaissances d’intervenants multiples au sujet de l’enjeu des changements climatiques.</p>
