{"id":978,"date":"2020-11-23T12:30:40","date_gmt":"2020-11-23T17:30:40","guid":{"rendered":"https:\/\/changingclimate.ca\/site\/assets\/uploads\/sites\/4\/2020\/11\/PR_FR_8_v2.png"},"modified":"2020-11-27T14:26:07","modified_gmt":"2020-11-27T19:26:07","slug":"pr_fr_8_v2-2","status":"inherit","type":"attachment","link":"https:\/\/changingclimate.ca\/regional-perspectives\/pr_fr_8_v2-2\/","title":{"rendered":"Figure 4.8-FR"},"author":13,"featured_media":0,"comment_status":"open","ping_status":"closed","template":"","meta":{"_acf_changed":false,"_monsterinsights_skip_tracking":false,"_monsterinsights_sitenote_active":false,"_monsterinsights_sitenote_note":"","_monsterinsights_sitenote_category":0},"class_list":["post-978","attachment","type-attachment","status-inherit","hentry"],"acf":[],"smush":"Not processed","description":{"rendered":"<p class=\"attachment\"><a href='https:\/\/changingclimate.ca\/site\/assets\/uploads\/sites\/4\/2020\/11\/PR_FR_8_v2.png'><img loading=\"lazy\" decoding=\"async\" width=\"300\" height=\"233\" src=\"https:\/\/changingclimate.ca\/site\/assets\/uploads\/sites\/4\/2020\/11\/PR_FR_8_v2-300x233.png\" class=\"attachment-medium size-medium\" alt=\"\" srcset=\"https:\/\/changingclimate.ca\/site\/assets\/uploads\/sites\/4\/2020\/11\/PR_FR_8_v2-300x233.png 300w, https:\/\/changingclimate.ca\/site\/assets\/uploads\/sites\/4\/2020\/11\/PR_FR_8_v2-1024x794.png 1024w, https:\/\/changingclimate.ca\/site\/assets\/uploads\/sites\/4\/2020\/11\/PR_FR_8_v2-768x596.png 768w, https:\/\/changingclimate.ca\/site\/assets\/uploads\/sites\/4\/2020\/11\/PR_FR_8_v2-1536x1191.png 1536w, https:\/\/changingclimate.ca\/site\/assets\/uploads\/sites\/4\/2020\/11\/PR_FR_8_v2.png 1800w\" sizes=\"auto, (max-width: 300px) 100vw, 300px\" \/><\/a><\/p>\n<p>Approches envisag\u00e9es par le groupe de travail du bassin versant de la rivi\u00e8re Bow pour r\u00e9duire les impacts des inondations.<\/p>\n"},"caption":{"rendered":"<p>Approches envisag\u00e9es par le groupe de travail du bassin versant de la rivi\u00e8re Bow pour r\u00e9duire les impacts des inondations.<\/p>\n"},"alt_text":"","media_type":"image","mime_type":"image\/png","media_details":{"width":1800,"height":1396,"file":"2020\/11\/PR_FR_8_v2.png","sizes":{"medium":{"file":"PR_FR_8_v2-300x233.png","width":300,"height":233,"mime_type":"image\/png","source_url":"https:\/\/changingclimate.ca\/site\/assets\/uploads\/sites\/4\/2020\/11\/PR_FR_8_v2-300x233.png"},"large":{"file":"PR_FR_8_v2-1024x794.png","width":1024,"height":794,"mime_type":"image\/png","source_url":"https:\/\/changingclimate.ca\/site\/assets\/uploads\/sites\/4\/2020\/11\/PR_FR_8_v2-1024x794.png"},"thumbnail":{"file":"PR_FR_8_v2-150x150.png","width":150,"height":150,"mime_type":"image\/png","source_url":"https:\/\/changingclimate.ca\/site\/assets\/uploads\/sites\/4\/2020\/11\/PR_FR_8_v2-150x150.png"},"medium_large":{"file":"PR_FR_8_v2-768x596.png","width":768,"height":596,"mime_type":"image\/png","source_url":"https:\/\/changingclimate.ca\/site\/assets\/uploads\/sites\/4\/2020\/11\/PR_FR_8_v2-768x596.png"},"1536x1536":{"file":"PR_FR_8_v2-1536x1191.png","width":1536,"height":1191,"mime_type":"image\/png","source_url":"https:\/\/changingclimate.ca\/site\/assets\/uploads\/sites\/4\/2020\/11\/PR_FR_8_v2-1536x1191.png"},"full":{"file":"PR_FR_8_v2.png","width":1800,"height":1396,"mime_type":"image\/png","source_url":"https:\/\/changingclimate.ca\/site\/assets\/uploads\/sites\/4\/2020\/11\/PR_FR_8_v2.png"}},"image_meta":{"aperture":"0","credit":"","camera":"","caption":"","created_timestamp":"0","copyright":"","focal_length":"0","iso":"0","shutter_speed":"0","title":"","orientation":"0","keywords":[]}},"post":null,"source_url":"https:\/\/changingclimate.ca\/site\/assets\/uploads\/sites\/4\/2020\/11\/PR_FR_8_v2.png","_links":{"self":[{"href":"https:\/\/changingclimate.ca\/regional-perspectives\/wp-json\/wp\/v2\/media\/978","targetHints":{"allow":["GET"]}}],"collection":[{"href":"https:\/\/changingclimate.ca\/regional-perspectives\/wp-json\/wp\/v2\/media"}],"about":[{"href":"https:\/\/changingclimate.ca\/regional-perspectives\/wp-json\/wp\/v2\/types\/attachment"}],"author":[{"embeddable":true,"href":"https:\/\/changingclimate.ca\/regional-perspectives\/wp-json\/wp\/v2\/users\/13"}],"replies":[{"embeddable":true,"href":"https:\/\/changingclimate.ca\/regional-perspectives\/wp-json\/wp\/v2\/comments?post=978"}]}}

<p class="attachment"><a href='https://changingclimate.ca/site/assets/uploads/sites/4/2020/11/PR_FR_8_v2.png'><img loading="lazy" decoding="async" width="300" height="233" src="https://changingclimate.ca/site/assets/uploads/sites/4/2020/11/PR_FR_8_v2-300x233.png" class="attachment-medium size-medium" alt="" srcset="https://changingclimate.ca/site/assets/uploads/sites/4/2020/11/PR_FR_8_v2-300x233.png 300w, https://changingclimate.ca/site/assets/uploads/sites/4/2020/11/PR_FR_8_v2-1024x794.png 1024w, https://changingclimate.ca/site/assets/uploads/sites/4/2020/11/PR_FR_8_v2-768x596.png 768w, https://changingclimate.ca/site/assets/uploads/sites/4/2020/11/PR_FR_8_v2-1536x1191.png 1536w, https://changingclimate.ca/site/assets/uploads/sites/4/2020/11/PR_FR_8_v2.png 1800w" sizes="auto, (max-width: 300px) 100vw, 300px" /></a></p>
<p>Approches envisagées par le groupe de travail du bassin versant de la rivière Bow pour réduire les impacts des inondations.</p>

<p>Approches envisagées par le groupe de travail du bassin versant de la rivière Bow pour réduire les impacts des inondations.</p>
